{"version":"1.0","provider_name":"Lifting Safety - Lifting equipment from professionals","provider_url":"https:\/\/lifting-safety.com\/hu_hu","author_name":"liftingsafetyadmin","author_url":"https:\/\/lifting-safety.com\/hu_hu\/author\/liftingsafetyadmin\/","title":"Sz\u00ednpadi emel\u0151 forg\u00f3 v\u00e9g\u00e1ll\u00e1skapcsol\u00f3val - Lifting Safety - Lifting equipment from professionals","type":"rich","width":600,"height":338,"html":"<blockquote class=\"wp-embedded-content\" data-secret=\"Q7zkdNLGgn\"><a href=\"https:\/\/lifting-safety.com\/hu_hu\/termek\/szinpadi-emelo-forgo-vegallaskapcsoloval\/\">Sz\u00ednpadi emel\u0151 forg\u00f3 v\u00e9g\u00e1ll\u00e1skapcsol\u00f3val<\/a><\/blockquote><iframe sandbox=\"allow-scripts\" security=\"restricted\" src=\"https:\/\/lifting-safety.com\/hu_hu\/termek\/szinpadi-emelo-forgo-vegallaskapcsoloval\/embed\/#?secret=Q7zkdNLGgn\" width=\"600\" height=\"338\" title=\"&#8220;Sz\u00ednpadi emel\u0151 forg\u00f3 v\u00e9g\u00e1ll\u00e1skapcsol\u00f3val&#8221; &#8212; Lifting Safety - Lifting equipment from professionals\" data-secret=\"Q7zkdNLGgn\" frameborder=\"0\" marginwidth=\"0\" marginheight=\"0\" scrolling=\"no\" class=\"wp-embedded-content\"><\/iframe><script>\n\/*! This file is auto-generated *\/\n!function(d,l){\"use strict\";l.querySelector&&d.addEventListener&&\"undefined\"!=typeof URL&&(d.wp=d.wp||{},d.wp.receiveEmbedMessage||(d.wp.receiveEmbedMessage=function(e){var t=e.data;if((t||t.secret||t.message||t.value)&&!\/[^a-zA-Z0-9]\/.test(t.secret)){for(var s,r,n,a=l.querySelectorAll('iframe[data-secret=\"'+t.secret+'\"]'),o=l.querySelectorAll('blockquote[data-secret=\"'+t.secret+'\"]'),c=new RegExp(\"^https?:$\",\"i\"),i=0;i<o.length;i++)o[i].style.display=\"none\";for(i=0;i<a.length;i++)s=a[i],e.source===s.contentWindow&&(s.removeAttribute(\"style\"),\"height\"===t.message?(1e3<(r=parseInt(t.value,10))?r=1e3:~~r<200&&(r=200),s.height=r):\"link\"===t.message&&(r=new URL(s.getAttribute(\"src\")),n=new URL(t.value),c.test(n.protocol))&&n.host===r.host&&l.activeElement===s&&(d.top.location.href=t.value))}},d.addEventListener(\"message\",d.wp.receiveEmbedMessage,!1),l.addEventListener(\"DOMContentLoaded\",function(){for(var e,t,s=l.querySelectorAll(\"iframe.wp-embedded-content\"),r=0;r<s.length;r++)(t=(e=s[r]).getAttribute(\"data-secret\"))||(t=Math.random().toString(36).substring(2,12),e.src+=\"#?secret=\"+t,e.setAttribute(\"data-secret\",t)),e.contentWindow.postMessage({message:\"ready\",secret:t},\"*\")},!1)))}(window,document);\n\/\/# sourceURL=https:\/\/lifting-safety.com\/wp-includes\/js\/wp-embed.min.js\n<\/script>\n","thumbnail_url":"https:\/\/lifting-safety.com\/wp-content\/uploads\/2024\/03\/Stage-Hoist-With-Rotary-Limit-Switch.webp","thumbnail_width":400,"thumbnail_height":400,"description":"Term\u00e9kn\u00e9v:\u00a0Stage emel\u0151 forg\u00f3 v\u00e9g\u00e1ll\u00e1skapcsol\u00f3val  Modell:\u00a0DY+  Haszn\u00e1lat:\u00a0\u00a0Stage speci\u00e1lis emel\u0151 kapacit\u00e1s:\u00a0\u00a00,5 tonna, 1 tonna, 2 tonna N\u00e9vleges fesz\u00fclts\u00e9g:\u00a0\u00a0380 V, 50 Hz Emel\u00e9si sebess\u00e9g:\u00a0\u00a08 m\/perc, 4 m\/perc Emel\u00e9si magass\u00e1g:\u00a0\u00a025 M V\u00e9delmi oszt\u00e1ly:\u00a0\u00a0IP56  Maxim\u00e1lis l\u00e1nchossz:\u00a025M  L\u00e1ncszem:\u00a07*21mm  1 m\u00e9teres l\u00e1nc s\u00falya:\u00a01,05 kg  L\u00e1ncoszt\u00e1ly:\u00a0G80 mang\u00e1n ac\u00e9l l\u00e1nc  A cs\u00f6rl\u0151 k\u00fcls\u0151 m\u00e9retei forg\u00f3 v\u00e9g\u00e1ll\u00e1skapcsol\u00f3val:\u00a0115*96*123 mm  S\u00faly l\u00e1nc n\u00e9lk\u00fcl:\u00a032,5 kg  Alkalmazhat\u00f3 ipar\u00e1gak:\u00a0Sz\u00ednpadi munk\u00e1khoz haszn\u00e1lj\u00e1k. Ez egy elektromos emel\u0151, amelyet kifejezetten sz\u00ednpad\u00e9p\u00edt\u00e9shez haszn\u00e1lnak. F\u0151leg neh\u00e9z berendez\u00e9sek, p\u00e9ld\u00e1ul r\u00e1csos tart\u00f3szerkezetek, LED-l\u00e1mp\u00e1k \u00e9s hangberendez\u00e9sek emel\u00e9s\u00e9re \u00e9s emel\u00e9s\u00e9re haszn\u00e1lj\u00e1k a sz\u00ednpadon. Nagym\u00e9rt\u00e9kben n\u00f6velheti a sz\u00ednpad\u00e9p\u00edt\u00e9s sebess\u00e9g\u00e9t. Ugyanakkor a vil\u00e1g\u00edt\u00e1s a sz\u00ednpadi el\u0151ad\u00e1s sor\u00e1n is \u00e1ll\u00edthat\u00f3, \u00e9s j\u00f3 a rejtetts\u00e9ge."}

Színpadi emelő forgó végálláskapcsolóval - Lifting Safety - Lifting equipment from professionals

<blockquote class="wp-embedded-content" data-secret="Q7zkdNLGgn"><a href="https://lifting-safety.com/hu_hu/termek/szinpadi-emelo-forgo-vegallaskapcsoloval/">Színpadi emelő forgó végálláskapcsolóval</a></blockquote><iframe sandbox="allow-scripts" security="restricted" src="https://lifting-safety.com/hu_hu/termek/szinpadi-emelo-forgo-vegallaskapcsoloval/embed/#?secret=Q7zkdNLGgn" width="600" height="338" title="&#8220;Színpadi emelő forgó végálláskapcsolóval&#8221; &#8212; Lifting Safety - Lifting equipment from professionals" data-secret="Q7zkdNLGgn" frameborder="0" marginwidth="0" marginheight="0" scrolling="no" class="wp-embedded-content"></iframe><script>
/*! This file is auto-generated */
!function(d,l){"use strict";l.querySelector&&d.addEventListener&&"undefined"!=typeof URL&&(d.wp=d.wp||{},d.wp.receiveEmbedMessage||(d.wp.receiveEmbedMessage=function(e){var t=e.data;if((t||t.secret||t.message||t.value)&&!/[^a-zA-Z0-9]/.test(t.secret)){for(var s,r,n,a=l.querySelectorAll('iframe[data-secret="'+t.secret+'"]'),o=l.querySelectorAll('blockquote[data-secret="'+t.secret+'"]'),c=new RegExp("^https?:$","i"),i=0;i<o.length;i++)o[i].style.display="none";for(i=0;i<a.length;i++)s=a[i],e.source===s.contentWindow&&(s.removeAttribute("style"),"height"===t.message?(1e3<(r=parseInt(t.value,10))?r=1e3:~~r<200&&(r=200),s.height=r):"link"===t.message&&(r=new URL(s.getAttribute("src")),n=new URL(t.value),c.test(n.protocol))&&n.host===r.host&&l.activeElement===s&&(d.top.location.href=t.value))}},d.addEventListener("message",d.wp.receiveEmbedMessage,!1),l.addEventListener("DOMContentLoaded",function(){for(var e,t,s=l.querySelectorAll("iframe.wp-embedded-content"),r=0;r<s.length;r++)(t=(e=s[r]).getAttribute("data-secret"))||(t=Math.random().toString(36).substring(2,12),e.src+="#?secret="+t,e.setAttribute("data-secret",t)),e.contentWindow.postMessage({message:"ready",secret:t},"*")},!1)))}(window,document);
//# sourceURL=https://lifting-safety.com/wp-includes/js/wp-embed.min.js
</script>

Terméknév: Stage emelő forgó végálláskapcsolóval  Modell: DY+  Használat:  Stage speciális emelő kapacitás:  0,5 tonna, 1 tonna, 2 tonna Névleges feszültség:  380 V, 50 Hz Emelési sebesség:  8 m/perc, 4 m/perc Emelési magasság:  25 M Védelmi osztály:  IP56  Maximális lánchossz: 25M  Láncszem: 7*21mm  1 méteres lánc súlya: 1,05 kg  Láncosztály: G80 mangán acél lánc  A csörlő külső méretei forgó végálláskapcsolóval: 115*96*123 mm  Súly lánc nélkül: 32,5 kg  Alkalmazható iparágak: Színpadi munkákhoz használják. Ez egy elektromos emelő, amelyet kifejezetten színpadépítéshez használnak. Főleg nehéz berendezések, például rácsos tartószerkezetek, LED-lámpák és hangberendezések emelésére és emelésére használják a színpadon. Nagymértékben növelheti a színpadépítés sebességét. Ugyanakkor a világítás a színpadi előadás során is állítható, és jó a rejtettsége.
